2.
78
What is the highest common divisor of 154 and 2577022?
14
Calculate the greatest common factor of 16 and 20071472.
16
What is the highest common factor of 1484826 and 13797?
21
What is the greatest common divisor of 1946 and 236579?
7
Calculate the greatest common factor of 9625129 and 396256.
1769
What is the highest common factor of 171120 and 1285470?
690
What is the highest common divisor of 10096 and 2069049?
631
Calculate the greatest common divisor of 578 and 2127482.
34
Calculate the highest common divisor of 34498 and 5669416.
734
What is the highest common factor of 29 and 336338027?
29
Calculate the greatest common factor of 1552369 and 19110.
637
What is the highest common divisor of 482554168 and 1104?
184
Calculate the highest common factor of 10955904 and 1545.
309
Calculate the greatest common factor of 151763678 and 28171.
2167
Calculate the highest common factor of 29376 and 42007.
17
What is the highest common factor of 6356048 and 472?
8
Calculate the highest common divisor of 70643001 and 286.
143
What is the highest common factor of 2999500 and 6825?
175
Calculate the highest common divisor of 5331 and 33516.
3
Calculate the highest common factor of 6082763 and 154919.
2923
Calculate the highest common divisor of 669833 and 11624.
1453
What is the highest common divisor of 2782 and 5423402?
214
What is the highest common factor of 226736 and 1702?
74
What is the greatest common divisor of 1781 and 51987?
13
Calculate the greatest common factor of 36288 and 35944776.
1512
Calculate the greatest common divisor of 735756 and 65436.
1596
What is the greatest common factor of 380 and 6268556?
76
What is the highest common factor of 684936 and 1866662?
2114
What is the highest common divisor of 107607 and 81?
3
What is the greatest common factor of 52420 and 30240?
20
Calculate the highest common factor of 54003742 and 962.
26
Calculate the highest common divisor of 15722130 and 30.
30
What is the highest common divisor of 10721452 and 27636?
1316
What is the highest common factor of 26481820 and 6080?
380
Calculate the greatest common factor of 143812 and 451532.
628
Calculate the greatest common divisor of 43517284 and 116.
116
Calculate the greatest common divisor of 441436820 and 3832.
1916
What is the greatest common divisor of 13769167 and 8163?
907
What is the highest common factor of 225 and 5539896?
9
What is the highest common divisor of 15435 and 51357047?
343
What is the greatest common factor of 7945512 and 48?
24
What is the highest common divisor of 37 and 336649754?
37
Calculate the greatest common divisor of 2916 and 5799762.
162
Calculate the highest common divisor of 553287 and 483.
21
Calculate the highest common divisor of 18180 and 3713770.
1010
Calculate the greatest common factor of 80 and 16633260.
20
What is the greatest common factor of 55109760 and 192?
192
What is the highest common factor of 3892 and 11793922?
14
What is the greatest common divisor of 1788470 and 112290?
190
What is the highest common divisor of 8424 and 4837968?
648
What is the greatest common divisor of 201582738 and 252?
126
Calculate the greatest common divisor of 354872 and 378.
14
Calculate the highest common factor of 682686 and 44183.
391
Calculate the highest common divisor of 83662 and 649.
59
Calculate the highest common divisor of 1717 and 97597.
17
Calculate the highest common factor of 62573 and 1680749.
49
Calculate the greatest common factor of 1234457835 and 585.
195
What is the highest common divisor of 4339557 and 39339?
423
Calculate the greatest common divisor of 18896343 and 236.
59
What is the highest common factor of 12886 and 396678?
34
What is the highest common divisor of 11709666 and 198?
18
What is the greatest common factor of 407429562 and 18230?
3646
Calculate the greatest common factor of 45664489 and 39.
13
Calculate the highest common divisor of 972 and 10736892.
36
What is the greatest common factor of 467582 and 8428?
86
What is the greatest common divisor of 28752 and 38088?
24
What is the highest common factor of 1530 and 3535380?
90
Calculate the greatest common divisor of 449656 and 376.
8
Calculate the greatest common factor of 33881030 and 9186.
3062
Calculate the highest common factor of 196 and 67414298.
98
Calculate the greatest common factor of 13050661 and 13.
13
What is the greatest common divisor of 1178 and 2523679?
31
What is the highest common divisor of 3284140 and 279?
31
What is the greatest common factor of 226 and 18164411?
113
What is the highest common factor of 119 and 3397331?
119
What is the greatest common factor of 3159840 and 102660?
1740
Calculate the greatest common divisor of 1392155 and 260.
5
What is the greatest common divisor of 29286 and 167346?
18
Calculate the highest common divisor of 56 and 52279052.
28
Calculate the highest common divisor of 199798714 and 898.
898
What is the greatest common divisor of 432 and 10924686?
54
What is the highest common factor of 2605 and 21995?
5
What is the highest common divisor of 173710 and 37990?
290
Calculate the greatest common divisor of 171362 and 8930.
94
What is the greatest common factor of 138158 and 31154?
74
Calculate the highest common divisor of 2264 and 61072.
8
Calculate the highest common factor of 349260 and 1440.
60
What is the greatest common divisor of 3116422 and 346?
346
What is the greatest common factor of 3226765 and 5?
5
What is the greatest common divisor of 558441 and 18619731?
5031
Calculate the highest common factor of 1316386440 and 1800.
360
Calculate the highest common factor of 5357 and 198.
11
What is the highest common divisor of 9939 and 4162214664?
9939
Calculate the greatest common factor of 5291136 and 1600.
64
What is the greatest common divisor of 385 and 5086631?
11
Calculate the greatest common factor of 825 and 5756300.
275
What is the greatest common divisor of 32381505 and 8775?
1755
Calculate the greatest common divisor of 79 and 683933573.
79
What is the greatest common divisor of 4370 and 140784110?
190
Calculate the greatest common factor of 288 and 25811316.
36
Calculate the highest common factor of 219419 and 3349.
17
Calculate the highest common factor of 522 and 321121089.
261
Calculate the greatest common divisor of 11 and 273354070.
11
What is the highest common factor of 132 and 3653724?
12
What is the highest common factor of 95675985 and 810?
405
What is the greatest common divisor of 1646464 and 976?
16
Calculate the highest common divisor of 259077 and 108498.
507
What is the greatest common factor of 39650 and 340197?
793
Calculate the highest common factor of 129933504 and 15552.
1728
Calculate the highest common factor of 147192041 and 1103.
1103
Calculate the greatest common divisor of 2987068448 and 656.
656
Calculate the highest common divisor of 1192046145 and 10470.
5235
What is the greatest common divisor of 54 and 51272370?
18
What is the greatest common factor of 102456 and 750?
6
Calculate the greatest common divisor of 225 and 6392682.
9
What is the greatest common factor of 306 and 2173482?
18
What is the greatest common divisor of 939936 and 1632?
96
Calculate the highest common factor of 3193 and 20917343.
3193
What is the greatest common divisor of 207662 and 64103?
13
What is the highest common divisor of 39930 and 16618470?
330
What is the highest common divisor of 6489802 and 66?
22
Calculate the greatest common divisor of 9 and 9427.
1
Calculate the greatest common divisor of 11073923 and 22596.
1883
Calculate the greatest common divisor of 27224 and 2224400.
664
Calculate the greatest common divisor of 776 and 7545048.
776
Calculate the highest common divisor of 17 and 1043196891.
17
What is the greatest common divisor of 13808 and 1133?
1
Calculate the greatest common divisor of 68 and 3985748.
4
What is the greatest common divisor of 36112723 and 10242?
569
Calculate the greatest common divisor of 2814 and 3064747098.
2814
What is the greatest common divisor of 6553910 and 220?
110
Calculate the greatest common factor of 2724 and 85844590.
454
Calculate the greatest common factor of 1288736 and 6283.
103
What is the greatest common factor of 124 and 828940?
124
What is the greatest common divisor of 325127 and 9538850?
2687
